{"id":7,"date":"2015-08-19T19:58:35","date_gmt":"2015-08-19T19:58:35","guid":{"rendered":"http:\/\/testfoundation.apps-1and1.net\/?page_id=7"},"modified":"2015-08-19T19:58:35","modified_gmt":"2015-08-19T19:58:35","slug":"the-scandinavian-institute-for-human-rights-haytham-manna-foundation","status":"publish","type":"page","link":"https:\/\/sihr.fr\/eng\/the-scandinavian-institute-for-human-rights-haytham-manna-foundation\/","title":{"rendered":"The Scandinavian Institute for Human Rights\/Haytham Manna Foundation"},"content":{"rendered":"<p dir=\"ltr\" style=\"text-align: justify\"><a href=\"https:\/\/sihr.fr\/eng\/wp-content\/uploads\/sites\/2\/2017\/10\/logosihrfondation2017-1.png\"><img decoding=\"async\" class=\"wp-image-6294 size-medium alignleft\" src=\"https:\/\/sihr.fr\/eng\/wp-content\/uploads\/sites\/2\/2017\/10\/logosihrfondation2017-1-300x90.png\" alt=\"\" width=\"300\" height=\"90\" srcset=\"https:\/\/sihr.fr\/eng\/wp-content\/uploads\/sites\/2\/2017\/10\/logosihrfondation2017-1-300x90.png 300w, https:\/\/sihr.fr\/eng\/wp-content\/uploads\/sites\/2\/2017\/10\/logosihrfondation2017-1.png 496w\" sizes=\"(max-width: 300px) 100vw, 300px\" \/><\/a><strong><span id=\"result_box\" class=\"\" lang=\"en\"><span title=\"\u00abInstitut Scandinave pour les Droits de l\u2019Homme\/ Fondation Haytham Manna\u00bb \">&#8220;Scandinavian Institute for Human Rights \/ Haytham Manna Foundation&#8221;<\/span><\/span><\/strong><\/p>\n<p><span title=\"La fondation dont le nom est \u00abInstitut Scandinave pour les Droits de l\u2019Homme\/ Fondation Haytham Manna\u00bb et dont le si\u00e8ge se trouve \u00e0 Gen\u00e8ve est constitu\u00e9e par le pr\u00e9sent acte conform\u00e9ment aux articles 80 ss du Code civil suisse. \">The foundation whose name is &#8220;Scandinavian Institute for Human Rights \/ Haytham Manna Foundation&#8221; and whose seat is in Geneva is hereby constituted in accordance with Articles 80 et ss. Of the Swiss Civil Code.<\/span><\/p>\n<p><span title=\"BUT: \">GOAL:<\/span><\/p>\n<p><span title=\"La fondation a pour but de prot\u00e9ger et promouvoir les Droits de l\u2019Homme et la non-violence en Suisse et \u00e0 l\u2019International, notamment par l\u2019\u00e9ducation et la formation.\">The foundation aims to protect and promote human rights and non-violence in Switzerland and internationally, including through education and training. <\/span><span title=\"Encourager les projets qui soutiennent les groupes vuln\u00e9rables et les personnes victimes de crises humanitaires, et le d\u00e9veloppement de la culture des Droits de l'Homme et le m\u00e9canisme d'intervention pour emp\u00eacher les violations des droits fondamentaux, des libert\u00e9s fondamentales et de la paix,\">Encourage projects that support vulnerable groups and people affected by humanitarian crises, and the development of the human rights culture and the intervention mechanism to prevent violations of fundamental rights, fundamental freedoms and peace, <\/span><span title=\"et \u00e0 r\u00e9aliser des travaux d'enseignement \u00e0 tous les niveaux pour former des personnes qualifi\u00e9es. \">and to carry out teaching work at all levels to train qualified people.<\/span><\/p>\n<p><span title=\"La Fondation peut \u00e9galement soutenir des projets li\u00e9s aux th\u00e8mes des droits de l\u2019Homme. \">The Foundation can also support projects related to human rights issues.<\/span><\/p>\n<p><span title=\"Dans le cadre des buts fix\u00e9s, la fondation \u0153uvre sur tout le territoire en Suisse et \u00e0 l\u2019\u00e9tranger. \">As part of the goals set, the foundation works throughout the country in Switzerland and abroad.<\/span><\/p>\n<p><span title=\"La fondation n\u2019a pas de but lucratif et ne vise aucun gain et d\u00e9passe l\u2019int\u00e9r\u00eat de ses propres membres. \">The foundation is not for profit and does not seek any gain and exceeds the interest of its own members.<\/span><\/p>\n<p><span title=\"Autorit\u00e9 de Surveillance: D\u00e9partement f\u00e9d\u00e9ral de l\u2019int\u00e9rieur (DFI) \">Supervisory Authority: Federal Department of the Interior (DFI)<\/span><\/p>\n<p><span title=\"CF Compagnie fiduciaire de r\u00e9vision sa (CHE-106.761.121), \u00e0 Gen\u00e8ve \">CF Fiduciary Revision Company (CHE-106.761.121), Geneva<\/span><\/p>\n<p><span title=\"La pr\u00e9sente fondation est inscrite au registre du commerce du canton de Gen\u00e8ve: No r\u00e9f.\">This foundation is registered in the Commercial Register of the Canton of Geneva: Ref. <\/span><span title=\"18896\/2016 IDE CHE-389.151.369 \">18896\/2016 IDE CHE-389.151.369<\/span><\/p>\n<p><span title=\"Institut Scandinave pour les Droits de l\u2019Homme\/Fondation Haytham Manna \u00e0 Gen\u00e8ve, Fondation, CHE-389.151.369, CH-660.2.938.016-3\">Scandinavian Institute for Human Rights \/ Haytham Manna Foundation in Geneva, Foundation, CHE-389.151.369, CH-660.2.938.016-3<\/span><\/p>\n","protected":false},"excerpt":{"rendered":"<p>&#8220;Scandinavian Institute for Human Rights \/ Haytham Manna Foundation&#8221; The foundation whose name is &#8220;Scandinavian Institute for Human Rights \/ [&hellip;]<\/p>\n","protected":false},"author":1,"featured_media":6294,"parent":0,"menu_order":0,"comment_status":"closed","ping_status":"closed","template":"","meta":{"site-sidebar-layout":"default","site-content-layout":"","ast-site-content-layout":"default","site-content-style":"default","site-sidebar-style":"default","ast-global-header-display":"","ast-banner-title-visibility":"","ast-main-header-display":"","ast-hfb-above-header-display":"","ast-hfb-below-header-display":"","ast-hfb-mobile-header-display":"","site-post-title":"","ast-breadcrumbs-content":"","ast-featured-img":"","footer-sml-layout":"","theme-transparent-header-meta":"","adv-header-id-meta":"","stick-header-meta":"","header-above-stick-meta":"","header-main-stick-meta":"","header-below-stick-meta":"","astra-migrate-meta-layouts":"default","ast-page-background-enabled":"default","ast-page-background-meta":{"desktop":{"background-color":"var(--ast-global-color-4)","background-image":"","background-repeat":"repeat","background-position":"center center","background-size":"auto","background-attachment":"scroll","background-type":"","background-media":"","overlay-type":"","overlay-color":"","overlay-opacity":"","overlay-gradient":""},"tablet":{"background-color":"","background-image":"","background-repeat":"repeat","background-position":"center center","background-size":"auto","background-attachment":"scroll","background-type":"","background-media":"","overlay-type":"","overlay-color":"","overlay-opacity":"","overlay-gradient":""},"mobile":{"background-color":"","background-image":"","background-repeat":"repeat","background-position":"center center","background-size":"auto","background-attachment":"scroll","background-type":"","background-media":"","overlay-type":"","overlay-color":"","overlay-opacity":"","overlay-gradient":""}},"ast-content-background-meta":{"desktop":{"background-color":"var(--ast-global-color-5)","background-image":"","background-repeat":"repeat","background-position":"center center","background-size":"auto","background-attachment":"scroll","background-type":"","background-media":"","overlay-type":"","overlay-color":"","overlay-opacity":"","overlay-gradient":""},"tablet":{"background-color":"var(--ast-global-color-5)","background-image":"","background-repeat":"repeat","background-position":"center center","background-size":"auto","background-attachment":"scroll","background-type":"","background-media":"","overlay-type":"","overlay-color":"","overlay-opacity":"","overlay-gradient":""},"mobile":{"background-color":"var(--ast-global-color-5)","background-image":"","background-repeat":"repeat","background-position":"center center","background-size":"auto","background-attachment":"scroll","background-type":"","background-media":"","overlay-type":"","overlay-color":"","overlay-opacity":"","overlay-gradient":""}},"footnotes":""},"class_list":["post-7","page","type-page","status-publish","has-post-thumbnail","hentry"],"_links":{"self":[{"href":"https:\/\/sihr.fr\/eng\/wp-json\/wp\/v2\/pages\/7","targetHints":{"allow":["GET"]}}],"collection":[{"href":"https:\/\/sihr.fr\/eng\/wp-json\/wp\/v2\/pages"}],"about":[{"href":"https:\/\/sihr.fr\/eng\/wp-json\/wp\/v2\/types\/page"}],"author":[{"embeddable":true,"href":"https:\/\/sihr.fr\/eng\/wp-json\/wp\/v2\/users\/1"}],"replies":[{"embeddable":true,"href":"https:\/\/sihr.fr\/eng\/wp-json\/wp\/v2\/comments?post=7"}],"version-history":[{"count":0,"href":"https:\/\/sihr.fr\/eng\/wp-json\/wp\/v2\/pages\/7\/revisions"}],"wp:featuredmedia":[{"embeddable":true,"href":"https:\/\/sihr.fr\/eng\/wp-json\/wp\/v2\/media\/6294"}],"wp:attachment":[{"href":"https:\/\/sihr.fr\/eng\/wp-json\/wp\/v2\/media?parent=7"}],"curies":[{"name":"wp","href":"https:\/\/api.w.org\/{rel}","templated":true}]}}